{"id":10333,"date":"2023-03-06T16:58:40","date_gmt":"2023-03-06T19:58:40","guid":{"rendered":"https:\/\/capivari.sp.gov.br\/portal\/?page_id=10333"},"modified":"2023-03-06T17:11:42","modified_gmt":"2023-03-06T20:11:42","slug":"posto-de-atendimento-ao-trabalhador-pat","status":"publish","type":"page","link":"https:\/\/capivari.sp.gov.br\/portal\/secretarias\/desenvolvimento-economico-turismo-e-inovacao\/posto-de-atendimento-ao-trabalhador-pat\/","title":{"rendered":"Posto de Atendimento ao Trabalhador (PAT)"},"content":{"rendered":"\t\t<div data-elementor-type=\"wp-page\" data-elementor-id=\"10333\" class=\"elementor elementor-10333\" data-elementor-post-type=\"page\">\n\t\t\t\t\t\t<section class=\"elementor-section elementor-top-section elementor-element elementor-element-2c517840 elementor-section-stretched elementor-section-boxed elementor-section-height-default elementor-section-height-default\" data-id=\"2c517840\" data-element_type=\"section\" data-e-type=\"section\" data-settings=\"{&quot;stretch_section&quot;:&quot;section-stretched&quot;,&quot;background_background&quot;:&quot;classic&quot;}\">\n\t\t\t\t\t\t<div class=\"elementor-container elementor-column-gap-default\">\n\t\t\t\t\t<div class=\"elementor-column elementor-col-50 elementor-top-column elementor-element elementor-element-6b2fad02\" data-id=\"6b2fad02\" data-element_type=\"column\" data-e-type=\"column\">\n\t\t\t<div class=\"elementor-widget-wrap elementor-element-populated\">\n\t\t\t\t\t\t\t<\/div>\n\t\t<\/div>\n\t\t\t\t<div class=\"elementor-column elementor-col-50 elementor-top-column elementor-element elementor-element-5ad47592\" data-id=\"5ad47592\" data-element_type=\"column\" data-e-type=\"column\">\n\t\t\t<div class=\"elementor-widget-wrap elementor-element-populated\">\n\t\t\t\t\t\t<div class=\"elementor-element elementor-element-29f83272 elementor-align-right elementor-mobile-align-left elementor-widget elementor-widget-breadcrumbs\" data-id=\"29f83272\" data-element_type=\"widget\" data-e-type=\"widget\" data-widget_type=\"breadcrumbs.default\">\n\t\t\t\t<div class=\"elementor-widget-container\">\n\t\t\t\t\t<p id=\"breadcrumbs\"><span><span><a href=\"https:\/\/capivari.sp.gov.br\/portal\/\">In\u00edcio<\/a><\/span><\/span><\/p>\t\t\t\t<\/div>\n\t\t\t\t<\/div>\n\t\t\t\t\t<\/div>\n\t\t<\/div>\n\t\t\t\t\t<\/div>\n\t\t<\/section>\n\t\t\t\t<section class=\"elementor-section elementor-top-section elementor-element elementor-element-73774abe elementor-section-boxed elementor-section-height-default elementor-section-height-default\" data-id=\"73774abe\" data-element_type=\"section\" data-e-type=\"section\">\n\t\t\t\t\t\t<div class=\"elementor-container elementor-column-gap-default\">\n\t\t\t\t\t<div class=\"elementor-column elementor-col-100 elementor-top-column elementor-element elementor-element-2b95dd56\" data-id=\"2b95dd56\" data-element_type=\"column\" data-e-type=\"column\">\n\t\t\t<div class=\"elementor-widget-wrap elementor-element-populated\">\n\t\t\t\t\t\t<div class=\"elementor-element elementor-element-3e1ae81b elementor-widget elementor-widget-text-editor\" data-id=\"3e1ae81b\" data-element_type=\"widget\" data-e-type=\"widget\" data-widget_type=\"text-editor.default\">\n\t\t\t\t<div class=\"elementor-widget-container\">\n\t\t\t\t\t\t\t\t\t<p>Os Postos de Atendimento ao Trabalhador (PAT) s\u00e3o uma rede de atendimento do Governo do Estado de S\u00e3o Paulo que concentra servi\u00e7os gratuitos \u00e0 popula\u00e7\u00e3o, sendo centros de refer\u00eancia das pol\u00edticas p\u00fablicas de gera\u00e7\u00e3o de emprego e renda.<\/p><p>Os PATs fornecem informa\u00e7\u00f5es e orienta\u00e7\u00f5es ao trabalhador e auxilia os empregadores na busca de recursos humanos, promovendo o encontro de ambos entre quem procura emprego e quem tem uma vaga para oferecer, dentre outros servi\u00e7os.<\/p><p>Servi\u00e7os dispon\u00edveis:<\/p><p><strong>CAPTA\u00c7\u00c3O DE VAGAS<\/strong><br \/><strong>ABERTURA DE VAGAS DE EMPREGO \/ CONTRATA\u00c7\u00d5ES E DEMAIS ORIENTA\u00c7\u00d5ES REFERENTE A ESSE SERVI\u00c7O<\/strong><br \/>Os empregadores interessados em abrir vagas no PAT, dever\u00e3o entrar em contato com a equipe pelo e-mail <a href=\"mailto:captacaovagas@capivari.sp.gov.br\" target=\"_blank\" rel=\"noopener\">captacaovagas@capivari.sp.gov.br<\/a> ou pelo telefone (19) 3492-8870.<\/p><p><strong>SEGURO-DESEMPREGO<\/strong><br \/>O Seguro-Desemprego tem por finalidade promover a assist\u00eancia financeira tempor\u00e1ria ao trabalhador desempregado em virtude da dispensa sem justa causa. O servi\u00e7o de habilita\u00e7\u00e3o do trabalhador para receber o benef\u00edcio \u00e9 realizado em todas as unidades do PAT.<\/p><p>Documentos necess\u00e1rios:<br \/>\u2013 RG,CPF ou CNH<br \/>\u2013 CTPS<br \/>\u2013 COMPROVANTE DE ENDERE\u00c7O<br \/>\u2013 TERMO DE RESCIS\u00c3O DE CONTRATO DE TRABALHO \/ E-SOCIAL (2 VIAS ASSINADAS E CARIMBADAS PELO EMPREGADOR)<br \/>\u2013 TERMO DE REQUERIMENTO (2 VIAS ASSINADAS E CARIMBADAS PELO EMPREGADOR)<br \/>\u2013 ATA JUDICIAL (QUANDO HOUVER)<\/p><p><strong>CARTEIRA DE TRABALHO E PREVID\u00caNCIA SOCIAL (CTPS DIGITAL)<\/strong><br \/>A Carteira de Trabalho e Previd\u00eancia Social (CTPS) \u00e9 um documento obrigat\u00f3rio para toda pessoa que venha a prestar algum tipo de servi\u00e7o, seja na ind\u00fastria, no com\u00e9rcio, na agricultura, na pecu\u00e1ria ou mesmo de natureza dom\u00e9stica.<\/p><p>Visando modernizar o acesso \u00e0s informa\u00e7\u00f5es da vida laboral do trabalhador o Minist\u00e9rio da Economia lan\u00e7a a CARTEIRA DE TRABALHO DIGITAL, em substitui\u00e7\u00e3o a Carteira de Trabalho f\u00edsica, dispon\u00edvel para os cidad\u00e3os atrav\u00e9s de Aplicativo para celular nas vers\u00f5es iOS e Android e Web.<\/p><p>Para acessar o documento, basta baixar gratuitamente o aplicativo na loja virtual (Apple Store da Apple e no Play Store do Android). Ou acessar via Web, por meio do link <a href=\"https:\/\/servicos.mte.gov.br\/\" target=\"_blank\" rel=\"noopener\">https:\/\/servicos.mte.gov.br\/<\/a><\/p><p>E quem j\u00e1 tem cadastro no sistema acesso.gov.br, basta usar seu login e senha de acesso no App Carteira de Trabalho Digital.<\/p><p>Ou comparecer no PAT Capivari para o aux\u00edlio da emiss\u00e3o da CTPS Digital. Trazendo:<br \/>\u2013 Aparelho Celular<br \/>\u2013 RG, CPF e\/ou CNH<\/p><p><strong>CADASTRAMENTO DE CURR\u00cdCULOS<\/strong><br \/>O PAT Capivari possui um banco de dados espec\u00edfico para cadastramento desse documento, onde cada curr\u00edculo recebido \u00e9 devidamente triado e cadastrado em sua devida pasta de profiss\u00e3o. Facilitando assim, a intermedia\u00e7\u00e3o da m\u00e3o de obra.<\/p><p>Tem interesse em cadastrar o seu curr\u00edculo no PAT Capivari ? Deseja concorrer as vagas de trabalho? E participar de processos seletivos?<\/p><p>Voc\u00ea tem duas op\u00e7\u00f5es:<br \/>1\u00aa) Enviar o curr\u00edculo em PDF para o e-mail: patcapivari@capivari.sp.gov.br<br \/>2\u00aa) Ir pessoalmente at\u00e9 o Posto com o curr\u00edculo impresso<\/p><p>*N\u00e3o se esque\u00e7a: Sempre que houver alguma altera\u00e7\u00e3o no seu curr\u00edculo, dever\u00e1 cadastr\u00e1-lo novamente no PAT, para que assim o banco de curr\u00edculos esteja sempre atualizado e pronto para atender as empresas.<\/p><p>Meios de contato com o departamento:<br \/>\u2013 Telefone: 19 3492-8870<br \/>\u2013 WhatsApp: 19 3492-8880<br \/>\u2013 Atendimento presencial: Rua Tiradentes,283, Centro, Capivari\/ SP \u2013 GANHATEMPO MUNICIPAL<\/p>\t\t\t\t\t\t\t\t<\/div>\n\t\t\t\t<\/div>\n\t\t\t\t\t<\/div>\n\t\t<\/div>\n\t\t\t\t\t<\/div>\n\t\t<\/section>\n\t\t\t\t<\/div>\n\t\t","protected":false},"excerpt":{"rendered":"<p>Os Postos de Atendimento ao Trabalhador (PAT) s\u00e3o uma rede de atendimento do Governo do Estado de S\u00e3o Paulo que concentra servi\u00e7os gratuitos \u00e0 popula\u00e7\u00e3o, sendo centros de refer\u00eancia das pol\u00edticas p\u00fablicas de gera\u00e7\u00e3o de emprego e renda. Os PATs fornecem informa\u00e7\u00f5es e orienta\u00e7\u00f5es ao trabalhador e auxilia os empregadores na busca de recursos humanos, [&hellip;]<\/p>\n","protected":false},"author":18,"featured_media":0,"parent":408,"menu_order":0,"comment_status":"closed","ping_status":"closed","template":"","meta":{"ocean_post_layout":"","ocean_both_sidebars_style":"","ocean_both_sidebars_content_width":0,"ocean_both_sidebars_sidebars_width":0,"ocean_sidebar":"0","ocean_second_sidebar":"0","ocean_disable_margins":"on","ocean_add_body_class":"","ocean_shortcode_before_top_bar":"","ocean_shortcode_after_top_bar":"","ocean_shortcode_before_header":"","ocean_shortcode_after_header":"","ocean_has_shortcode":"","ocean_shortcode_after_title":"","ocean_shortcode_before_footer_widgets":"","ocean_shortcode_after_footer_widgets":"","ocean_shortcode_before_footer_bottom":"","ocean_shortcode_after_footer_bottom":"","ocean_display_top_bar":"default","ocean_display_header":"default","ocean_header_style":"","ocean_center_header_left_menu":"0","ocean_custom_header_template":"0","ocean_custom_logo":0,"ocean_custom_retina_logo":0,"ocean_custom_logo_max_width":0,"ocean_custom_logo_tablet_max_width":0,"ocean_custom_logo_mobile_max_width":0,"ocean_custom_logo_max_height":0,"ocean_custom_logo_tablet_max_height":0,"ocean_custom_logo_mobile_max_height":0,"ocean_header_custom_menu":"0","ocean_menu_typo_font_family":"0","ocean_menu_typo_font_subset":"","ocean_menu_typo_font_size":0,"ocean_menu_typo_font_size_tablet":0,"ocean_menu_typo_font_size_mobile":0,"ocean_menu_typo_font_size_unit":"px","ocean_menu_typo_font_weight":"","ocean_menu_typo_font_weight_tablet":"","ocean_menu_typo_font_weight_mobile":"","ocean_menu_typo_transform":"","ocean_menu_typo_transform_tablet":"","ocean_menu_typo_transform_mobile":"","ocean_menu_typo_line_height":0,"ocean_menu_typo_line_height_tablet":0,"ocean_menu_typo_line_height_mobile":0,"ocean_menu_typo_line_height_unit":"","ocean_menu_typo_spacing":0,"ocean_menu_typo_spacing_tablet":0,"ocean_menu_typo_spacing_mobile":0,"ocean_menu_typo_spacing_unit":"","ocean_menu_link_color":"","ocean_menu_link_color_hover":"","ocean_menu_link_color_active":"","ocean_menu_link_background":"","ocean_menu_link_hover_background":"","ocean_menu_link_active_background":"","ocean_menu_social_links_bg":"","ocean_menu_social_hover_links_bg":"","ocean_menu_social_links_color":"","ocean_menu_social_hover_links_color":"","ocean_disable_title":"default","ocean_disable_heading":"default","ocean_post_title":"","ocean_post_subheading":"","ocean_post_title_style":"","ocean_post_title_background_color":"","ocean_post_title_background":0,"ocean_post_title_bg_image_position":"","ocean_post_title_bg_image_attachment":"","ocean_post_title_bg_image_repeat":"","ocean_post_title_bg_image_size":"","ocean_post_title_height":0,"ocean_post_title_bg_overlay":0.5,"ocean_post_title_bg_overlay_color":"","ocean_disable_breadcrumbs":"default","ocean_breadcrumbs_color":"","ocean_breadcrumbs_separator_color":"","ocean_breadcrumbs_links_color":"","ocean_breadcrumbs_links_hover_color":"","ocean_display_footer_widgets":"default","ocean_display_footer_bottom":"default","ocean_custom_footer_template":"0","footnotes":""},"class_list":["post-10333","page","type-page","status-publish","hentry","entry"],"yoast_head":"<!-- This site is optimized with the Yoast SEO plugin v27.3 - https:\/\/yoast.com\/product\/yoast-seo-wordpress\/ -->\n<title>Posto de Atendimento ao Trabalhador (PAT) - Prefeitura de Capivari<\/title>\n<meta name=\"robots\" content=\"index, follow, max-snippet:-1, max-image-preview:large, max-video-preview:-1\" \/>\n<link rel=\"canonical\" href=\"https:\/\/capivari.sp.gov.br\/portal\/secretarias\/desenvolvimento-economico-turismo-e-inovacao\/posto-de-atendimento-ao-trabalhador-pat\/\" \/>\n<meta property=\"og:locale\" content=\"pt_BR\" \/>\n<meta property=\"og:type\" content=\"article\" \/>\n<meta property=\"og:title\" content=\"Posto de Atendimento ao Trabalhador (PAT) - Prefeitura de Capivari\" \/>\n<meta property=\"og:description\" content=\"Os Postos de Atendimento ao Trabalhador (PAT) s\u00e3o uma rede de atendimento do Governo do Estado de S\u00e3o Paulo que concentra servi\u00e7os gratuitos \u00e0 popula\u00e7\u00e3o, sendo centros de refer\u00eancia das pol\u00edticas p\u00fablicas de gera\u00e7\u00e3o de emprego e renda. Os PATs fornecem informa\u00e7\u00f5es e orienta\u00e7\u00f5es ao trabalhador e auxilia os empregadores na busca de recursos humanos, [&hellip;]\" \/>\n<meta property=\"og:url\" content=\"https:\/\/capivari.sp.gov.br\/portal\/secretarias\/desenvolvimento-economico-turismo-e-inovacao\/posto-de-atendimento-ao-trabalhador-pat\/\" \/>\n<meta property=\"og:site_name\" content=\"Prefeitura de Capivari\" \/>\n<meta property=\"article:publisher\" content=\"https:\/\/www.facebook.com\/PrefeituradeCapivari\/\" \/>\n<meta property=\"article:modified_time\" content=\"2023-03-06T20:11:42+00:00\" \/>\n<meta name=\"twitter:card\" content=\"summary_large_image\" \/>\n<meta name=\"twitter:site\" content=\"@PrefCapivari\" \/>\n<meta name=\"twitter:label1\" content=\"Est. tempo de leitura\" \/>\n\t<meta name=\"twitter:data1\" content=\"3 minutos\" \/>\n<script type=\"application\/ld+json\" class=\"yoast-schema-graph\">{\"@context\":\"https:\\\/\\\/schema.org\",\"@graph\":[{\"@type\":\"WebPage\",\"@id\":\"https:\\\/\\\/capivari.sp.gov.br\\\/portal\\\/secretarias\\\/desenvolvimento-economico-turismo-e-inovacao\\\/posto-de-atendimento-ao-trabalhador-pat\\\/\",\"url\":\"https:\\\/\\\/capivari.sp.gov.br\\\/portal\\\/secretarias\\\/desenvolvimento-economico-turismo-e-inovacao\\\/posto-de-atendimento-ao-trabalhador-pat\\\/\",\"name\":\"Posto de Atendimento ao Trabalhador (PAT) - Prefeitura de Capivari\",\"isPartOf\":{\"@id\":\"https:\\\/\\\/capivari.sp.gov.br\\\/portal\\\/#website\"},\"datePublished\":\"2023-03-06T19:58:40+00:00\",\"dateModified\":\"2023-03-06T20:11:42+00:00\",\"breadcrumb\":{\"@id\":\"https:\\\/\\\/capivari.sp.gov.br\\\/portal\\\/secretarias\\\/desenvolvimento-economico-turismo-e-inovacao\\\/posto-de-atendimento-ao-trabalhador-pat\\\/#breadcrumb\"},\"inLanguage\":\"pt-BR\",\"potentialAction\":[{\"@type\":\"ReadAction\",\"target\":[\"https:\\\/\\\/capivari.sp.gov.br\\\/portal\\\/secretarias\\\/desenvolvimento-economico-turismo-e-inovacao\\\/posto-de-atendimento-ao-trabalhador-pat\\\/\"]}]},{\"@type\":\"BreadcrumbList\",\"@id\":\"https:\\\/\\\/capivari.sp.gov.br\\\/portal\\\/secretarias\\\/desenvolvimento-economico-turismo-e-inovacao\\\/posto-de-atendimento-ao-trabalhador-pat\\\/#breadcrumb\",\"itemListElement\":[{\"@type\":\"ListItem\",\"position\":1,\"name\":\"In\u00edcio\",\"item\":\"https:\\\/\\\/capivari.sp.gov.br\\\/portal\\\/\"},{\"@type\":\"ListItem\",\"position\":2,\"name\":\"Secretarias\",\"item\":\"https:\\\/\\\/capivari.sp.gov.br\\\/portal\\\/secretarias\\\/\"},{\"@type\":\"ListItem\",\"position\":3,\"name\":\"Desenvolvimento Econ\u00f4mico, Turismo e Inova\u00e7\u00e3o\",\"item\":\"https:\\\/\\\/capivari.sp.gov.br\\\/portal\\\/secretarias\\\/desenvolvimento-economico-turismo-e-inovacao\\\/\"},{\"@type\":\"ListItem\",\"position\":4,\"name\":\"Posto de Atendimento ao Trabalhador (PAT)\"}]},{\"@type\":\"WebSite\",\"@id\":\"https:\\\/\\\/capivari.sp.gov.br\\\/portal\\\/#website\",\"url\":\"https:\\\/\\\/capivari.sp.gov.br\\\/portal\\\/\",\"name\":\"Prefeitura de Capivari\",\"description\":\"Prefeitura de Capivari\",\"publisher\":{\"@id\":\"https:\\\/\\\/capivari.sp.gov.br\\\/portal\\\/#organization\"},\"potentialAction\":[{\"@type\":\"SearchAction\",\"target\":{\"@type\":\"EntryPoint\",\"urlTemplate\":\"https:\\\/\\\/capivari.sp.gov.br\\\/portal\\\/?s={search_term_string}\"},\"query-input\":{\"@type\":\"PropertyValueSpecification\",\"valueRequired\":true,\"valueName\":\"search_term_string\"}}],\"inLanguage\":\"pt-BR\"},{\"@type\":\"Organization\",\"@id\":\"https:\\\/\\\/capivari.sp.gov.br\\\/portal\\\/#organization\",\"name\":\"Prefeitura de Capivari\",\"url\":\"https:\\\/\\\/capivari.sp.gov.br\\\/portal\\\/\",\"logo\":{\"@type\":\"ImageObject\",\"inLanguage\":\"pt-BR\",\"@id\":\"https:\\\/\\\/capivari.sp.gov.br\\\/portal\\\/#\\\/schema\\\/logo\\\/image\\\/\",\"url\":\"https:\\\/\\\/capivari.sp.gov.br\\\/portal\\\/wp-content\\\/uploads\\\/2021\\\/09\\\/logo-prefeitura-de-capivari.png\",\"contentUrl\":\"https:\\\/\\\/capivari.sp.gov.br\\\/portal\\\/wp-content\\\/uploads\\\/2021\\\/09\\\/logo-prefeitura-de-capivari.png\",\"width\":200,\"height\":147,\"caption\":\"Prefeitura de Capivari\"},\"image\":{\"@id\":\"https:\\\/\\\/capivari.sp.gov.br\\\/portal\\\/#\\\/schema\\\/logo\\\/image\\\/\"},\"sameAs\":[\"https:\\\/\\\/www.facebook.com\\\/PrefeituradeCapivari\\\/\",\"https:\\\/\\\/x.com\\\/PrefCapivari\",\"https:\\\/\\\/www.instagram.com\\\/prefeituracapivari\\\/\"]}]}<\/script>\n<!-- \/ Yoast SEO plugin. -->","yoast_head_json":{"title":"Posto de Atendimento ao Trabalhador (PAT) - Prefeitura de Capivari","robots":{"index":"index","follow":"follow","max-snippet":"max-snippet:-1","max-image-preview":"max-image-preview:large","max-video-preview":"max-video-preview:-1"},"canonical":"https:\/\/capivari.sp.gov.br\/portal\/secretarias\/desenvolvimento-economico-turismo-e-inovacao\/posto-de-atendimento-ao-trabalhador-pat\/","og_locale":"pt_BR","og_type":"article","og_title":"Posto de Atendimento ao Trabalhador (PAT) - Prefeitura de Capivari","og_description":"Os Postos de Atendimento ao Trabalhador (PAT) s\u00e3o uma rede de atendimento do Governo do Estado de S\u00e3o Paulo que concentra servi\u00e7os gratuitos \u00e0 popula\u00e7\u00e3o, sendo centros de refer\u00eancia das pol\u00edticas p\u00fablicas de gera\u00e7\u00e3o de emprego e renda. Os PATs fornecem informa\u00e7\u00f5es e orienta\u00e7\u00f5es ao trabalhador e auxilia os empregadores na busca de recursos humanos, [&hellip;]","og_url":"https:\/\/capivari.sp.gov.br\/portal\/secretarias\/desenvolvimento-economico-turismo-e-inovacao\/posto-de-atendimento-ao-trabalhador-pat\/","og_site_name":"Prefeitura de Capivari","article_publisher":"https:\/\/www.facebook.com\/PrefeituradeCapivari\/","article_modified_time":"2023-03-06T20:11:42+00:00","twitter_card":"summary_large_image","twitter_site":"@PrefCapivari","twitter_misc":{"Est. tempo de leitura":"3 minutos"},"schema":{"@context":"https:\/\/schema.org","@graph":[{"@type":"WebPage","@id":"https:\/\/capivari.sp.gov.br\/portal\/secretarias\/desenvolvimento-economico-turismo-e-inovacao\/posto-de-atendimento-ao-trabalhador-pat\/","url":"https:\/\/capivari.sp.gov.br\/portal\/secretarias\/desenvolvimento-economico-turismo-e-inovacao\/posto-de-atendimento-ao-trabalhador-pat\/","name":"Posto de Atendimento ao Trabalhador (PAT) - Prefeitura de Capivari","isPartOf":{"@id":"https:\/\/capivari.sp.gov.br\/portal\/#website"},"datePublished":"2023-03-06T19:58:40+00:00","dateModified":"2023-03-06T20:11:42+00:00","breadcrumb":{"@id":"https:\/\/capivari.sp.gov.br\/portal\/secretarias\/desenvolvimento-economico-turismo-e-inovacao\/posto-de-atendimento-ao-trabalhador-pat\/#breadcrumb"},"inLanguage":"pt-BR","potentialAction":[{"@type":"ReadAction","target":["https:\/\/capivari.sp.gov.br\/portal\/secretarias\/desenvolvimento-economico-turismo-e-inovacao\/posto-de-atendimento-ao-trabalhador-pat\/"]}]},{"@type":"BreadcrumbList","@id":"https:\/\/capivari.sp.gov.br\/portal\/secretarias\/desenvolvimento-economico-turismo-e-inovacao\/posto-de-atendimento-ao-trabalhador-pat\/#breadcrumb","itemListElement":[{"@type":"ListItem","position":1,"name":"In\u00edcio","item":"https:\/\/capivari.sp.gov.br\/portal\/"},{"@type":"ListItem","position":2,"name":"Secretarias","item":"https:\/\/capivari.sp.gov.br\/portal\/secretarias\/"},{"@type":"ListItem","position":3,"name":"Desenvolvimento Econ\u00f4mico, Turismo e Inova\u00e7\u00e3o","item":"https:\/\/capivari.sp.gov.br\/portal\/secretarias\/desenvolvimento-economico-turismo-e-inovacao\/"},{"@type":"ListItem","position":4,"name":"Posto de Atendimento ao Trabalhador (PAT)"}]},{"@type":"WebSite","@id":"https:\/\/capivari.sp.gov.br\/portal\/#website","url":"https:\/\/capivari.sp.gov.br\/portal\/","name":"Prefeitura de Capivari","description":"Prefeitura de Capivari","publisher":{"@id":"https:\/\/capivari.sp.gov.br\/portal\/#organization"},"potentialAction":[{"@type":"SearchAction","target":{"@type":"EntryPoint","urlTemplate":"https:\/\/capivari.sp.gov.br\/portal\/?s={search_term_string}"},"query-input":{"@type":"PropertyValueSpecification","valueRequired":true,"valueName":"search_term_string"}}],"inLanguage":"pt-BR"},{"@type":"Organization","@id":"https:\/\/capivari.sp.gov.br\/portal\/#organization","name":"Prefeitura de Capivari","url":"https:\/\/capivari.sp.gov.br\/portal\/","logo":{"@type":"ImageObject","inLanguage":"pt-BR","@id":"https:\/\/capivari.sp.gov.br\/portal\/#\/schema\/logo\/image\/","url":"https:\/\/capivari.sp.gov.br\/portal\/wp-content\/uploads\/2021\/09\/logo-prefeitura-de-capivari.png","contentUrl":"https:\/\/capivari.sp.gov.br\/portal\/wp-content\/uploads\/2021\/09\/logo-prefeitura-de-capivari.png","width":200,"height":147,"caption":"Prefeitura de Capivari"},"image":{"@id":"https:\/\/capivari.sp.gov.br\/portal\/#\/schema\/logo\/image\/"},"sameAs":["https:\/\/www.facebook.com\/PrefeituradeCapivari\/","https:\/\/x.com\/PrefCapivari","https:\/\/www.instagram.com\/prefeituracapivari\/"]}]}},"_links":{"self":[{"href":"https:\/\/capivari.sp.gov.br\/portal\/wp-json\/wp\/v2\/pages\/10333","targetHints":{"allow":["GET"]}}],"collection":[{"href":"https:\/\/capivari.sp.gov.br\/portal\/wp-json\/wp\/v2\/pages"}],"about":[{"href":"https:\/\/capivari.sp.gov.br\/portal\/wp-json\/wp\/v2\/types\/page"}],"author":[{"embeddable":true,"href":"https:\/\/capivari.sp.gov.br\/portal\/wp-json\/wp\/v2\/users\/18"}],"replies":[{"embeddable":true,"href":"https:\/\/capivari.sp.gov.br\/portal\/wp-json\/wp\/v2\/comments?post=10333"}],"version-history":[{"count":5,"href":"https:\/\/capivari.sp.gov.br\/portal\/wp-json\/wp\/v2\/pages\/10333\/revisions"}],"predecessor-version":[{"id":10338,"href":"https:\/\/capivari.sp.gov.br\/portal\/wp-json\/wp\/v2\/pages\/10333\/revisions\/10338"}],"up":[{"embeddable":true,"href":"https:\/\/capivari.sp.gov.br\/portal\/wp-json\/wp\/v2\/pages\/408"}],"wp:attachment":[{"href":"https:\/\/capivari.sp.gov.br\/portal\/wp-json\/wp\/v2\/media?parent=10333"}],"curies":[{"name":"wp","href":"https:\/\/api.w.org\/{rel}","templated":true}]}}